{"id":1492,"date":"2015-12-13T23:51:17","date_gmt":"2015-12-13T23:51:17","guid":{"rendered":"http:\/\/www.cremeneanu.ro\/?page_id=1492"},"modified":"2025-01-15T13:53:16","modified_gmt":"2025-01-15T13:53:16","slug":"karaoke-2","status":"publish","type":"page","link":"https:\/\/www.cremeneanu.ro\/?page_id=1492","title":{"rendered":"Karaoke"},"content":{"rendered":"<div class=\"wp-block-image\">\n<figure class=\"aligncenter\"><a href=\"https:\/\/www.cremeneanu.ro\/wp-content\/uploads\/2015\/12\/Karaoke.jpg\" rel=\"attachment wp-att-1515\"><img loading=\"lazy\" decoding=\"async\" width=\"774\" height=\"516\" src=\"https:\/\/www.cremeneanu.ro\/wp-content\/uploads\/2015\/12\/Karaoke.jpg\" alt=\"Karaoke\" class=\"wp-image-1515\" srcset=\"https:\/\/www.cremeneanu.ro\/wp-content\/uploads\/2015\/12\/Karaoke.jpg 774w, https:\/\/www.cremeneanu.ro\/wp-content\/uploads\/2015\/12\/Karaoke-300x200.jpg 300w, https:\/\/www.cremeneanu.ro\/wp-content\/uploads\/2015\/12\/Karaoke-768x512.jpg 768w\" sizes=\"auto, (max-width: 774px) 100vw, 774px\" \/><\/a><\/figure>\n<\/div>\n\n\n<p><\/p>\n\n\n\n<p class=\"has-text-align-center\"><strong>Cel mai bun mod de a condimenta o petrecere este o sesiune de karaoke.<\/strong><\/p>\n\n\n\n<p class=\"has-text-align-center\"><strong>La karaoke nu conteaz\u0103 cum c\u00e2nti! Conteaz\u0103 c\u0103 e\u0219ti pe scen\u0103 \u0219i c\u00e2n\u021bi! <\/strong><\/p>\n\n\n\n<p class=\"has-text-align-center\"><strong>Iar prietenii buni \u00ee\u021bi vor fi mereu al\u0103turi.<\/strong><\/p>\n\n\n\n<p class=\"has-text-align-center\"><strong>Un karaoke party nu e nici Vocea Rom\u00e2niei, nici Rom\u00e2nii au talent. Dar uneori ar putea fi.<\/strong><\/p>\n\n\n\n<p class=\"has-text-align-center\"><strong>Ave\u021bi aici o list\u0103 luuuuuuung\u0103 cu melodiile pe care\u00a0v\u0103 pute\u021bi exhiba talentul!<\/strong><\/p>\n\n\n\n<p><\/p>\n\n\n\n<p class=\"has-text-align-center\"><a href=\"https:\/\/www.cremeneanu.ro\/?page_id=1496\">Karaoke Interna\u021bional [Best Of]<\/a><\/p>\n\n\n\n<p class=\"has-text-align-center\"><a href=\"https:\/\/www.cremeneanu.ro\/?page_id=1482\">Karaoke Interna\u021bional [Lista Complet\u0103]<\/a><\/p>\n\n\n\n<p class=\"has-text-align-center\"><a href=\"https:\/\/www.cremeneanu.ro\/?page_id=1498\">Karaoke Rom\u00e2ne\u0219ti<\/a><\/p>\n\n\n\n<p class=\"has-text-align-center\"><a href=\"https:\/\/www.cremeneanu.ro\/?page_id=1500\">Karaoke Folclor<\/a><\/p>\n\n\n\n<p class=\"has-text-align-center\"><a href=\"https:\/\/www.cremeneanu.ro\/?page_id=1628\">Karaoke International [Christmas]<\/a><\/p>\n<div class=\"fcbkbttn_buttons_block\" id=\"fcbkbttn_left\"><div class=\"fcbkbttn_button\">\n\t\t\t\t\t<a href=\"https:\/\/www.facebook.com\/\" target=\"_blank\">\n\t\t\t\t\t\t<img decoding=\"async\" src=\"https:\/\/www.cremeneanu.ro\/wp-content\/plugins\/facebook-button-plugin\/images\/large-facebook-ico.png\" alt=\"Fb-Button\" \/>\n\t\t\t\t\t<\/a>\n\t\t\t\t<\/div><div class=\"fcbkbttn_like fcbkbttn_large_button\"><fb:like href=\"https:\/\/www.cremeneanu.ro\/?page_id=1492\" action=\"like\" colorscheme=\"light\" layout=\"button_count\"  size=\"large\"><\/fb:like><\/div><div class=\"fb-share-button fcbkbttn_large_button \" data-href=\"https:\/\/www.cremeneanu.ro\/?page_id=1492\" data-type=\"button_count\" data-size=\"large\"><\/div><\/div>","protected":false},"excerpt":{"rendered":"<p>Cel mai bun mod de a condimenta o petrecere este o sesiune de karaoke. La [&hellip;]<\/p>\n","protected":false},"author":3,"featured_media":0,"parent":0,"menu_order":4,"comment_status":"closed","ping_status":"closed","template":"","meta":{"_regular_price":[],"currency_symbol":[],"footnotes":""},"class_list":["post-1492","page","type-page","status-publish","hentry"],"post_slider_layout_featured_media_urls":{"thumbnail":"","post_slider_layout_landscape_large":"","post_slider_layout_portrait_large":"","post_slider_layout_square_large":"","post_slider_layout_landscape":"","post_slider_layout_portrait":"","post_slider_layout_square":"","full":""},"_links":{"self":[{"href":"https:\/\/www.cremeneanu.ro\/index.php?rest_route=\/wp\/v2\/pages\/1492","targetHints":{"allow":["GET"]}}],"collection":[{"href":"https:\/\/www.cremeneanu.ro\/index.php?rest_route=\/wp\/v2\/pages"}],"about":[{"href":"https:\/\/www.cremeneanu.ro\/index.php?rest_route=\/wp\/v2\/types\/page"}],"author":[{"embeddable":true,"href":"https:\/\/www.cremeneanu.ro\/index.php?rest_route=\/wp\/v2\/users\/3"}],"replies":[{"embeddable":true,"href":"https:\/\/www.cremeneanu.ro\/index.php?rest_route=%2Fwp%2Fv2%2Fcomments&post=1492"}],"version-history":[{"count":2,"href":"https:\/\/www.cremeneanu.ro\/index.php?rest_route=\/wp\/v2\/pages\/1492\/revisions"}],"predecessor-version":[{"id":1767,"href":"https:\/\/www.cremeneanu.ro\/index.php?rest_route=\/wp\/v2\/pages\/1492\/revisions\/1767"}],"wp:attachment":[{"href":"https:\/\/www.cremeneanu.ro\/index.php?rest_route=%2Fwp%2Fv2%2Fmedia&parent=1492"}],"curies":[{"name":"wp","href":"https:\/\/api.w.org\/{rel}","templated":true}]}}